3, 29
What are the prime factors of 21438?
2, 3, 397
List the prime factors of 759.
3, 11, 23
What are the prime factors of 87?
3, 29
What are the prime factors of 22518?
2, 3, 139
What are the prime factors of 15550?
2, 5, 311
What are the prime factors of 1665?
3, 5, 37
List the prime factors of 172.
2, 43
List the prime factors of 26090.
2, 5, 2609
What are the prime factors of 5094?
2, 3, 283
What are the prime factors of 558?
2, 3, 31
What are the prime factors of 568?
2, 71
List the prime factors of 250.
2, 5
List the prime factors of 19536.
2, 3, 11, 37
List the prime factors of 532.
2, 7, 19
What are the prime factors of 8733?
3, 41, 71
List the prime factors of 1472.
2, 23
List the prime factors of 95549.
95549
What are the prime factors of 33778?
2, 16889
List the prime factors of 2585.
5, 11, 47
List the prime factors of 11143.
11, 1013
List the prime factors of 3498.
2, 3, 11, 53
What are the prime factors of 2390?
2, 5, 239
List the prime factors of 4012.
2, 17, 59
What are the prime factors of 1815?
3, 5, 11
What are the prime factors of 1630?
2, 5, 163
What are the prime factors of 39839?
39839
What are the prime factors of 746?
2, 373
List the prime factors of 9894.
2, 3, 17, 97
List the prime factors of 8873.
19, 467
List the prime factors of 45534.
2, 3, 7589
What are the prime factors of 4655?
5, 7, 19
What are the prime factors of 3349?
17, 197
List the prime factors of 1172.
2, 293
List the prime factors of 16698.
2, 3, 11, 23
List the prime factors of 97105.
5, 19421
What are the prime factors of 97984?
2, 1531
List the prime factors of 3492.
2, 3, 97
List the prime factors of 4375.
5, 7
What are the prime factors of 26169?
3, 11, 13, 61
List the prime factors of 761.
761
What are the prime factors of 167?
167
What are the prime factors of 11368?
2, 7, 29
What are the prime factors of 19681?
19681
List the prime factors of 7319.
13, 563
What are the prime factors of 1833?
3, 13, 47
List the prime factors of 142150.
2, 5, 2843
What are the prime factors of 2137?
2137
List the prime factors of 2050.
2, 5, 41
List the prime factors of 1143.
3, 127
List the prime factors of 4939.
11, 449
What are the prime factors of 326?
2, 163
What are the prime factors of 7386?
2, 3, 1231
List the prime factors of 7380.
2, 3, 5, 41
List the prime factors of 2495.
5, 499
List the prime factors of 5053.
31, 163
List the prime factors of 31756.
2, 17, 467
What are the prime factors of 1167?
3, 389
List the prime factors of 902.
2, 11, 41
List the prime factors of 3985.
5, 797
List the prime factors of 4322.
2, 2161
What are the prime factors of 37646?
2, 7, 2689
List the prime factors of 29433.
3, 9811
What are the prime factors of 639?
3, 71
List the prime factors of 33986.
2, 16993
What are the prime factors of 6714?
2, 3, 373
What are the prime factors of 121415?
5, 7, 3469
List the prime factors of 259.
7, 37
List the prime factors of 375.
3, 5
List the prime factors of 23600.
2, 5, 59
List the prime factors of 1763.
41, 43
List the prime factors of 22906.
2, 13, 881
List the prime factors of 47948.
2, 11987
List the prime factors of 113989.
113989
List the prime factors of 1607.
1607
What are the prime factors of 2038?
2, 1019
List the prime factors of 86.
2, 43
What are the prime factors of 52003?
7, 17, 19, 23
What are the prime factors of 11281?
29, 389
What are the prime factors of 23476?
2, 5869
List the prime factors of 127927.
19, 6733
List the prime factors of 1415.
5, 283
List the prime factors of 6977.
6977
What are the prime factors of 468?
2, 3, 13
What are the prime factors of 26434?
2, 13217
What are the prime factors of 61707?
3, 67, 307
What are the prime factors of 17856?
2, 3, 31
List the prime factors of 8833.
11, 73
What are the prime factors of 649?
11, 59
What are the prime factors of 36748?
2, 9187
List the prime factors of 25230.
2, 3, 5, 29
What are the prime factors of 878?
2, 439
What are the prime factors of 75524?
2, 79, 239
What are the prime factors of 5841?
3, 11, 59
What are the prime factors of 477?
3, 53
List the prime factors of 671.
11, 61
What are the prime factors of 70996?
2, 17749
What are the prime factors of 6906?
2, 3, 1151
List the prime factors of 300.
2, 3, 5
List the prime factors of 1732.
2, 433
What are the prime factors of 535?
5, 107
List the prime factors of 522.
2, 3, 29
What are the prime factors of 102011?
7, 13, 19, 59
What are the prime factors of 871?
13, 67
What are the prime factors of 2351?
2351
List the prime factors of 3588.
2, 3, 13, 23
List the prime factors of 102890.
2, 5, 10289
List the prime factors of 1906.
2, 953
List the prime factors of 648.
2, 3
What are the prime factors of 37721?
67, 563
What are the prime factors of 218?
2, 109
What are the prime factors of 1382?
2, 691
What are the prime factors of 54793?
157, 349
List the prime factors of 8354.
2, 4177
What are the prime factors of 1933?
1933
List the prime factors of 999.
3, 37
What are the prime factors of 31752?
2, 3, 7
List the prime factors of 8087.
8087
List the prime factors of 1038.
2, 3, 173
List the prime factors of 16814.
2, 7, 1201
List the prime factors of 10420.
2, 5, 521
List the prime factors of 144619.
17, 47, 181
List the prime factors of 41635.
5, 11, 757
List the prime factors of 53731.
53731
What are the prime factors of 3294?
2, 3, 61
List the prime factors of 21529.
21529
List the prime factors of 57693.
3, 19231
List the prime factors of 104512.
2, 23, 71
What are the prime factors of 814?
2, 11, 37
What are the prime factors of 683?
683
List the prime factors of 22010.
2, 5, 31, 71
List the prime factors of 17461.
19, 919
What are the prime factors of 7989?
3, 2663
What are the prime factors of 903?
3, 7, 43
What are the prime factors of 11942?
2, 7, 853
List the prime factors of 1647.
3, 61
List the prime factors of 20765.
5, 4153
List the prime factors of 1110.
2, 3, 5, 37
What are the prime factors of 4954?
2, 2477
List the prime factors of 386.
2, 193
What are the prime factors of 1025?
5, 41
What are the prime factors of 6479?
11, 19, 31
List the prime factors of 2534.
2, 7, 181
What are the prime factors of 10323?
3, 31, 37
List the prime factors of 32815.
5, 6563
List the prime factors of 23949.
3, 887
What are the prime factors of 5976?
2, 3, 83
What are the prime factors of 67?
67
What are the prime factors of 2250?
2, 3, 5
What are the prime factors of 51021?
3, 5669
What are the prime factors of 6082?
2, 3041
What are the prime factors of 1617?
3, 7, 11
What are the prime factors of 4798?
2, 2399
List the prime factors of 1194.
2, 3, 199
List the prime factors of 68340.
2, 3, 5, 17, 67
What are the prime factors of 1364?
2, 11, 31
What are the prime factors of 28982?
2, 43, 337
List the prime factors of 4201.
4201
What are the prime factors of 1339?
13, 103
What are the prime factors of 366?
2, 3, 61
List the prime factors of 533.
13, 41
What are the prime factors of 13154?
2, 6577
What are the prime factors of 440?
2, 5, 11
List the prime factors of 29613.
3, 9871
List the prime factors of 82943.
7, 17, 41
What are the prime factors of 24903?
3, 2767
List the prime factors of 21484.
2, 41, 131
List the prime factors of 1517.
37, 41
List the prime factors of 56939.
97, 587
List the prime factors of 84645.
3, 5, 11, 19
List the prime factors of 18644.
2, 59, 79
List the prime factors of 434.
2, 7, 31
List the prime factors of 232.
2, 29
What are the prime factors of 36567?
3, 17, 239
What are the prime factors of 8506?
2, 4253
What are the prime factors of 46295?
5, 47, 197
What are the prime factors of 2109?
3, 19, 37
List the prime factors of 749.
7, 107
List the prime factors of 70360.
2, 5, 1759
What are the prime factors of 43110?
2, 3, 5, 479
What are the prime factors of 1279?
1279
What are the prime factors of 6174?
2, 3, 7
List the prime factors of 137564.
2, 7, 17
What are the prime factors of 525?
3, 5, 7
What are the prime factors of 9567?
3, 1063
What are the prime factors of 13383?
3, 1487
What are the prime factors of 97992?
2, 3, 1361
What are the prime factors of 1244?
2, 311
What are the prime factors of 83608?
2, 7, 1493
What are the prime factors of 353?
353
List the prime factors of 2785.
5, 557
List the prime factors of 5415.
3, 5, 19
What are the 